{"id":651,"date":"2021-09-21T15:01:21","date_gmt":"2021-09-21T13:01:21","guid":{"rendered":"http:\/\/association-lesargonautes.fr\/?page_id=651"},"modified":"2021-09-21T15:08:15","modified_gmt":"2021-09-21T13:08:15","slug":"journee-2020-2021-se-reunir-dans-lantiquite","status":"publish","type":"page","link":"https:\/\/association-lesargonautes.fr\/?page_id=651","title":{"rendered":"Journ\u00e9e 2020-2021 : Se r\u00e9unir dans l&rsquo;Antiquit\u00e9"},"content":{"rendered":"\n<p>La journ\u00e9e doctorale 2019-2020, organis\u00e9e par K. Blary (Universit\u00e9 de Paris), Dimitri Maillard (Paris 1) et Marine Mazzei (Paris 1) a eu lieu le 30 janvier 2020 par visioconf\u00e9rence.<\/p>\n\n\n\n<p><\/p>\n\n\n\n<p>Le programme complet : <\/p>\n\n\n\n<figure class=\"wp-block-image size-large\"><img loading=\"lazy\" decoding=\"async\" width=\"725\" height=\"1024\" src=\"https:\/\/association-lesargonautes.fr\/wp-content\/uploads\/2021\/09\/Capture-de\u0301cran-2021-09-21-a\u0300-14.54.54-725x1024.png\" alt=\"\" class=\"wp-image-648\" srcset=\"https:\/\/association-lesargonautes.fr\/wp-content\/uploads\/2021\/09\/Capture-de\u0301cran-2021-09-21-a\u0300-14.54.54-725x1024.png 725w, https:\/\/association-lesargonautes.fr\/wp-content\/uploads\/2021\/09\/Capture-de\u0301cran-2021-09-21-a\u0300-14.54.54-212x300.png 212w, https:\/\/association-lesargonautes.fr\/wp-content\/uploads\/2021\/09\/Capture-de\u0301cran-2021-09-21-a\u0300-14.54.54-768x1085.png 768w, https:\/\/association-lesargonautes.fr\/wp-content\/uploads\/2021\/09\/Capture-de\u0301cran-2021-09-21-a\u0300-14.54.54-1087x1536.png 1087w, https:\/\/association-lesargonautes.fr\/wp-content\/uploads\/2021\/09\/Capture-de\u0301cran-2021-09-21-a\u0300-14.54.54-620x876.png 620w, https:\/\/association-lesargonautes.fr\/wp-content\/uploads\/2021\/09\/Capture-de\u0301cran-2021-09-21-a\u0300-14.54.54.png 1134w\" sizes=\"(max-width: 725px) 100vw, 725px\" \/><\/figure>\n","protected":false},"excerpt":{"rendered":"<p>La journ\u00e9e doctorale 2019-2020, organis\u00e9e par K. Blary (Universit\u00e9 de Paris), Dimitri Maillard (Paris 1) et Marine Mazzei (Paris 1) a eu lieu le 30 janvier 2020 par visioconf\u00e9rence. Le programme complet :<\/p>\n","protected":false},"author":1,"featured_media":0,"parent":0,"menu_order":0,"comment_status":"closed","ping_status":"closed","template":"","meta":{"footnotes":""},"_links":{"self":[{"href":"https:\/\/association-lesargonautes.fr\/index.php?rest_route=\/wp\/v2\/pages\/651"}],"collection":[{"href":"https:\/\/association-lesargonautes.fr\/index.php?rest_route=\/wp\/v2\/pages"}],"about":[{"href":"https:\/\/association-lesargonautes.fr\/index.php?rest_route=\/wp\/v2\/types\/page"}],"author":[{"embeddable":true,"href":"https:\/\/association-lesargonautes.fr\/index.php?rest_route=\/wp\/v2\/users\/1"}],"replies":[{"embeddable":true,"href":"https:\/\/association-lesargonautes.fr\/index.php?rest_route=%2Fwp%2Fv2%2Fcomments&post=651"}],"version-history":[{"count":3,"href":"https:\/\/association-lesargonautes.fr\/index.php?rest_route=\/wp\/v2\/pages\/651\/revisions"}],"predecessor-version":[{"id":662,"href":"https:\/\/association-lesargonautes.fr\/index.php?rest_route=\/wp\/v2\/pages\/651\/revisions\/662"}],"wp:attachment":[{"href":"https:\/\/association-lesargonautes.fr\/index.php?rest_route=%2Fwp%2Fv2%2Fmedia&parent=651"}],"curies":[{"name":"wp","href":"https:\/\/api.w.org\/{rel}","templated":true}]}}