{"id":402,"date":"2014-06-27T09:50:55","date_gmt":"2014-06-27T08:50:55","guid":{"rendered":"http:\/\/www.association-argonautes.fr\/?page_id=402"},"modified":"2014-06-27T09:50:55","modified_gmt":"2014-06-27T08:50:55","slug":"journee-doctorale-danhima-2014-2015","status":"publish","type":"page","link":"https:\/\/association-lesargonautes.fr\/?page_id=402","title":{"rendered":"Journ\u00e9e 2015 : Proclamer ses identit\u00e9s"},"content":{"rendered":"<h3 style=\"text-align: center;\"><strong>La journ\u00e9e doctorale AnHiMA 2015 aura lieu le 28 mars 2015<em><br \/>\n<\/em><\/strong><\/h3>\n<p>Cette journ\u00e9e sera organis\u00e9e par Romain Guicharrousse (Paris 1 \/ Ecole Fran\u00e7aise d&rsquo;Ath\u00e8nes) et Matthieu Vallet (Paris 1) sur le th\u00e8me :<\/p>\n<h2 style=\"text-align: center;\">Proclamer ses identit\u00e9s dans l&rsquo;Antiquit\u00e9.<br \/>\nNormes de construction, moyens mat\u00e9riels et enjeux sociaux<\/h2>\n<p>Vous trouverez l&rsquo;appel \u00e0 communication <a href=\"http:\/\/www.association-argonautes.fr\/wp-content\/uploads\/2013\/12\/Appel_Communication_JD_Anhima_2015_Proclamer_ses_identite\u0301s.pdf\">ici<\/a>.<\/p>\n<p>&nbsp;<\/p>\n<p>&nbsp;<\/p>\n<pre>Pour la liste compl\u00e8te des journ\u00e9es, veuillez vous rendre sur <a title=\"Journ\u00e9es doctorales d\u2019ANHIMA\" href=\"http:\/\/www.association-argonautes.fr\/journees-doctorales-anhima\/\">cette page<\/a>.<\/pre>\n","protected":false},"excerpt":{"rendered":"<p>La journ\u00e9e doctorale AnHiMA 2015 aura lieu le 28 mars 2015 Cette journ\u00e9e sera organis\u00e9e par Romain Guicharrousse (Paris 1 \/ Ecole Fran\u00e7aise d&rsquo;Ath\u00e8nes) et Matthieu Vallet (Paris 1) sur le th\u00e8me : Proclamer ses identit\u00e9s dans l&rsquo;Antiquit\u00e9. Normes de construction, moyens mat\u00e9riels et enjeux sociaux Vous trouverez l&rsquo;appel \u00e0 communication ici. &nbsp; &nbsp; Pour [&hellip;]<\/p>\n","protected":false},"author":1,"featured_media":0,"parent":0,"menu_order":0,"comment_status":"closed","ping_status":"closed","template":"template-full-width.php","meta":{"footnotes":""},"_links":{"self":[{"href":"https:\/\/association-lesargonautes.fr\/index.php?rest_route=\/wp\/v2\/pages\/402"}],"collection":[{"href":"https:\/\/association-lesargonautes.fr\/index.php?rest_route=\/wp\/v2\/pages"}],"about":[{"href":"https:\/\/association-lesargonautes.fr\/index.php?rest_route=\/wp\/v2\/types\/page"}],"author":[{"embeddable":true,"href":"https:\/\/association-lesargonautes.fr\/index.php?rest_route=\/wp\/v2\/users\/1"}],"replies":[{"embeddable":true,"href":"https:\/\/association-lesargonautes.fr\/index.php?rest_route=%2Fwp%2Fv2%2Fcomments&post=402"}],"version-history":[{"count":0,"href":"https:\/\/association-lesargonautes.fr\/index.php?rest_route=\/wp\/v2\/pages\/402\/revisions"}],"wp:attachment":[{"href":"https:\/\/association-lesargonautes.fr\/index.php?rest_route=%2Fwp%2Fv2%2Fmedia&parent=402"}],"curies":[{"name":"wp","href":"https:\/\/api.w.org\/{rel}","templated":true}]}}