{"id":315,"date":"2014-01-15T01:37:36","date_gmt":"2014-01-15T00:37:36","guid":{"rendered":"http:\/\/www.association-argonautes.fr\/?page_id=315"},"modified":"2022-10-27T15:16:35","modified_gmt":"2022-10-27T13:16:35","slug":"premiers-pas-a-anhima","status":"publish","type":"page","link":"https:\/\/association-lesargonautes.fr\/?page_id=315","title":{"rendered":"Premiers pas \u00e0 ANHIMA"},"content":{"rendered":"<p>Si vous venez de d\u00e9buter votre th\u00e8se au sein du laboratoire ANHIMA, bienvenue ! Le laboratoire ANHIMA regroupe plus d&rsquo;une cinquantaine de <a href=\"https:\/\/www.anhima.fr\/spip.php?article9\" target=\"_blank\" rel=\"noopener\">doctorant\u00b7e\u00b7s<\/a>. D\u00e8s vos premi\u00e8res semaines, n&rsquo;h\u00e9sitez pas \u00e0 :<\/p>\n<ul>\n<li>Consulter le Carnet d&rsquo;accueil des doctorant\u00b7e\u00b7s qui vous sera envoy\u00e9 par <a href=\"https:\/\/association-lesargonautes.fr\/?page_id=203\" target=\"_blank\" rel=\"noopener\">nos repr\u00e9sentant\u00b7e\u00b7s<\/a>.<\/li>\n<li>Venir rencontrer les doctorant\u00b7e\u00b7s d\u00e9j\u00e0 pr\u00e9sent\u00b7e\u00b7s au <a title=\"S\u00e9minaire des doctorants d\u2019ANHIMA\" href=\"https:\/\/association-lesargonautes.fr\/?page_id=82\" target=\"_blank\" rel=\"noopener\">s\u00e9minaire des doctorant\u00b7e\u00b7s<\/a>.<\/li>\n<li>Consulter la <a href=\"https:\/\/www.anhima.fr\/spip.php?article2628\" target=\"_blank\" rel=\"noopener\">liste des s\u00e9minaires<\/a> qui ont lieu annuellement \u00e0 ANHIMA.<\/li>\n<\/ul>\n\n\n<p><\/p>\n","protected":false},"excerpt":{"rendered":"<p>Si vous venez de d\u00e9buter votre th\u00e8se au sein du laboratoire ANHIMA, bienvenue ! Le laboratoire ANHIMA regroupe plus d&rsquo;une cinquantaine de doctorant\u00b7e\u00b7s. D\u00e8s vos premi\u00e8res semaines, n&rsquo;h\u00e9sitez pas \u00e0 : Consulter le Carnet d&rsquo;accueil des doctorant\u00b7e\u00b7s qui vous sera envoy\u00e9 par nos repr\u00e9sentant\u00b7e\u00b7s. Venir rencontrer les doctorant\u00b7e\u00b7s d\u00e9j\u00e0 pr\u00e9sent\u00b7e\u00b7s au s\u00e9minaire des doctorant\u00b7e\u00b7s. Consulter [&hellip;]<\/p>\n","protected":false},"author":1,"featured_media":0,"parent":0,"menu_order":0,"comment_status":"closed","ping_status":"closed","template":"","meta":{"footnotes":""},"_links":{"self":[{"href":"https:\/\/association-lesargonautes.fr\/index.php?rest_route=\/wp\/v2\/pages\/315"}],"collection":[{"href":"https:\/\/association-lesargonautes.fr\/index.php?rest_route=\/wp\/v2\/pages"}],"about":[{"href":"https:\/\/association-lesargonautes.fr\/index.php?rest_route=\/wp\/v2\/types\/page"}],"author":[{"embeddable":true,"href":"https:\/\/association-lesargonautes.fr\/index.php?rest_route=\/wp\/v2\/users\/1"}],"replies":[{"embeddable":true,"href":"https:\/\/association-lesargonautes.fr\/index.php?rest_route=%2Fwp%2Fv2%2Fcomments&post=315"}],"version-history":[{"count":3,"href":"https:\/\/association-lesargonautes.fr\/index.php?rest_route=\/wp\/v2\/pages\/315\/revisions"}],"predecessor-version":[{"id":795,"href":"https:\/\/association-lesargonautes.fr\/index.php?rest_route=\/wp\/v2\/pages\/315\/revisions\/795"}],"wp:attachment":[{"href":"https:\/\/association-lesargonautes.fr\/index.php?rest_route=%2Fwp%2Fv2%2Fmedia&parent=315"}],"curies":[{"name":"wp","href":"https:\/\/api.w.org\/{rel}","templated":true}]}}