{"id":240,"date":"2013-12-05T22:41:39","date_gmt":"2013-12-05T21:41:39","guid":{"rendered":"http:\/\/www.association-argonautes.fr\/\/?page_id=25"},"modified":"2025-11-25T16:07:42","modified_gmt":"2025-11-25T15:07:42","slug":"bureau","status":"publish","type":"page","link":"https:\/\/association-lesargonautes.fr\/?page_id=240","title":{"rendered":"Le Bureau de l&rsquo;Association"},"content":{"rendered":"<p style=\"text-align: left;\">Compos\u00e9 de cinq personnes, il est \u00e9lu tous les ans lors de l&rsquo;Assembl\u00e9e g\u00e9n\u00e9rale.<\/p>\n<h3 style=\"text-align: left;\">Pour l&rsquo;ann\u00e9e universitaire 2025-2026 :<\/h3>\n<p><strong>Pr\u00e9sidente<\/strong> : Elena R\u00fcdiger<\/p>\n<p><strong>Pr\u00e9sident adjoint<\/strong>\u00a0: R\u00e9mi Lafontaine<\/p>\n<p><strong>Tr\u00e9sorier<\/strong> : Gabriel Rousseau<\/p>\n<p><strong>Secr\u00e9taire<\/strong> : S\u00e9bastien Wallerand<\/p>\n<p><strong>Secr\u00e9taire adjoint <\/strong>: Julien Monzat<\/p>\n<h3>Les bureaux des ann\u00e9es pr\u00e9c\u00e9dentes :<\/h3>\n<p><strong>2024-2025<\/strong><\/p>\n<p><strong>Pr\u00e9sidente<\/strong> : Elena R\u00fcdiger<\/p>\n<p><strong>Pr\u00e9sident adjoint<\/strong>\u00a0: R\u00e9mi Lafontaine<\/p>\n<p><strong>Tr\u00e9sori\u00e8re<\/strong> : Valentine Barth\u00e9lemy<\/p>\n<p><strong>Secr\u00e9taire<\/strong> : S\u00e9bastien Wallerand<\/p>\n<p><strong>Secr\u00e9taire adjointe<\/strong> : Aline Collomb<\/p>\n<p><strong>2023-2024<\/strong><\/p>\n<p><strong>Pr\u00e9sidente<\/strong> : Elisa Le Bail<\/p>\n<p><strong>Pr\u00e9sidente adjointe<\/strong> : Flavie Fontaine<\/p>\n<p><strong>Tr\u00e9sori\u00e8re<\/strong> : Elena R\u00fcdiger<\/p>\n<p><strong>Secr\u00e9taire<\/strong> : Maxence Badaire<\/p>\n<p><strong>Secr\u00e9taire adjoint<\/strong> : Alessandro Intropido<\/p>\n<h4><strong>2022-2023<\/strong><\/h4>\n<p><em>Depuis f\u00e9vrier 2023 :<\/em><\/p>\n<p><strong>Pr\u00e9sidente<\/strong> : Elisa Le Bail<\/p>\n<p><strong>Pr\u00e9sidente adjointe<\/strong> : Flavie Fontaine<\/p>\n<p><strong>Tr\u00e9sori\u00e8re<\/strong> : Mathilde Naar<\/p>\n<p><strong>Secr\u00e9taire<\/strong> : Maxence Badaire<\/p>\n<p><strong>Secr\u00e9taire adjoint<\/strong> : Gabriel Rousseau<\/p>\n<p><em>Avant f\u00e9vrier 2023 :<\/em><\/p>\n<p><strong>Pr\u00e9sident<\/strong> : Thibaud Nicolas<\/p>\n<p><strong>Tr\u00e9sori\u00e8re<\/strong> : Mathilde Naar<\/p>\n<p><strong>Secr\u00e9taire<\/strong> : Elisa Le Bail<\/p>\n<p><strong>Secr\u00e9taire adjoint<\/strong> : Maxence Badaire<\/p>\n<h4><strong>2021-2022<\/strong><\/h4>\n<p><strong>Pr\u00e9sident<\/strong> : Thibaud Nicolas<\/p>\n<p><strong>Tr\u00e9sori\u00e8re<\/strong> : Mathilde Naar<\/p>\n<p><strong>Secr\u00e9taire<\/strong> : Maxence Badaire<\/p>\n<p><strong>Secr\u00e9taire adjointe<\/strong> : Charline Beux<\/p>\n<h4 style=\"text-align: left;\"><strong>2019-2021<\/strong><\/h4>\n<p><strong>Pr\u00e9sidente<\/strong> : Marine Mazzei<\/p>\n<p><strong>Pr\u00e9sidente adjointe<\/strong> : Ga\u00eblle Herbeth<\/p>\n<p><strong>Tr\u00e9sorier :\u00a0<\/strong>K\u00e9vin Blary<\/p>\n<p><strong>Secr\u00e9taire<\/strong> : In\u00e8s Medjkoune<\/p>\n<h4 style=\"text-align: left;\"><strong>2017-2018<\/strong><\/h4>\n<p><strong>Pr\u00e9sident<\/strong> : Dimitri Maillard (Paris 1)<\/p>\n<p><strong>Tr\u00e9sori\u00e8re<\/strong> : Marine Mazzei (Paris 1)<\/p>\n<p><strong>Secr\u00e9taire<\/strong> : Eleonora Colangelo (Paris 7 &#8211; Pise)<\/p>\n<p><strong>Secr\u00e9taire adjointe<\/strong> : Valentina Mussa (Paris 4)<\/p>\n<h4><strong>2016-2017<\/strong><\/h4>\n<p><strong>Pr\u00e9sidente<\/strong> : Idaline Hamelin<\/p>\n<p><strong>Tr\u00e9sorier<\/strong>\u00a0 : Adrien Coignoux<\/p>\n<p><strong>Secr\u00e9taire<\/strong> : Kevin Varnier<\/p>\n<p><strong>Webmestre<\/strong> : Flavien Villard<\/p>\n<h4><strong>2015 &#8211; 2016<\/strong><\/h4>\n<p><strong>Pr\u00e9sidente<\/strong> : H\u00e9l\u00e8ne Castelli<\/p>\n<p><strong>Tr\u00e9sorier<\/strong> : Mathieu Vallet<\/p>\n<p><strong>Secr\u00e9taire<\/strong> : Flavien Villard<\/p>\n<p><strong>Webmestre<\/strong> : Adrien Coignoux<\/p>\n<h4><strong>2013-2014<\/strong><\/h4>\n<p><strong>Pr\u00e9sident<\/strong> : Romain Guicharrousse<\/p>\n<p><strong>Tr\u00e9sorier<\/strong> : Nicolas Siron<\/p>\n<p><strong>Secr\u00e9taire<\/strong> : Manon Brouillet<\/p>\n<p>Elise Lehoux<\/p>\n<p>Agathe Migayrou<\/p>\n<p>Matthieu Vallet<\/p>\n","protected":false},"excerpt":{"rendered":"<p>Compos\u00e9 de cinq personnes, il est \u00e9lu tous les ans lors de l&rsquo;Assembl\u00e9e g\u00e9n\u00e9rale. Pour l&rsquo;ann\u00e9e universitaire 2025-2026 : Pr\u00e9sidente : Elena R\u00fcdiger Pr\u00e9sident adjoint\u00a0: R\u00e9mi Lafontaine Tr\u00e9sorier : Gabriel Rousseau Secr\u00e9taire : S\u00e9bastien Wallerand Secr\u00e9taire adjoint : Julien Monzat Les bureaux des ann\u00e9es pr\u00e9c\u00e9dentes : 2024-2025 Pr\u00e9sidente : Elena R\u00fcdiger Pr\u00e9sident adjoint\u00a0: R\u00e9mi Lafontaine [&hellip;]<\/p>\n","protected":false},"author":1,"featured_media":0,"parent":0,"menu_order":0,"comment_status":"closed","ping_status":"closed","template":"template-full-width.php","meta":{"footnotes":""},"_links":{"self":[{"href":"https:\/\/association-lesargonautes.fr\/index.php?rest_route=\/wp\/v2\/pages\/240"}],"collection":[{"href":"https:\/\/association-lesargonautes.fr\/index.php?rest_route=\/wp\/v2\/pages"}],"about":[{"href":"https:\/\/association-lesargonautes.fr\/index.php?rest_route=\/wp\/v2\/types\/page"}],"author":[{"embeddable":true,"href":"https:\/\/association-lesargonautes.fr\/index.php?rest_route=\/wp\/v2\/users\/1"}],"replies":[{"embeddable":true,"href":"https:\/\/association-lesargonautes.fr\/index.php?rest_route=%2Fwp%2Fv2%2Fcomments&post=240"}],"version-history":[{"count":12,"href":"https:\/\/association-lesargonautes.fr\/index.php?rest_route=\/wp\/v2\/pages\/240\/revisions"}],"predecessor-version":[{"id":932,"href":"https:\/\/association-lesargonautes.fr\/index.php?rest_route=\/wp\/v2\/pages\/240\/revisions\/932"}],"wp:attachment":[{"href":"https:\/\/association-lesargonautes.fr\/index.php?rest_route=%2Fwp%2Fv2%2Fmedia&parent=240"}],"curies":[{"name":"wp","href":"https:\/\/api.w.org\/{rel}","templated":true}]}}

<p style="text-align: left;">Composé de cinq personnes, il est élu tous les ans lors de l&rsquo;Assemblée générale.</p>
<h3 style="text-align: left;">Pour l&rsquo;année universitaire 2025-2026 :</h3>
<p><strong>Présidente</strong> : Elena Rüdiger</p>
<p><strong>Président adjoint</strong> : Rémi Lafontaine</p>
<p><strong>Trésorier</strong> : Gabriel Rousseau</p>
<p><strong>Secrétaire</strong> : Sébastien Wallerand</p>
<p><strong>Secrétaire adjoint </strong>: Julien Monzat</p>
<h3>Les bureaux des années précédentes :</h3>
<p><strong>2024-2025</strong></p>
<p><strong>Présidente</strong> : Elena Rüdiger</p>
<p><strong>Président adjoint</strong> : Rémi Lafontaine</p>
<p><strong>Trésorière</strong> : Valentine Barthélemy</p>
<p><strong>Secrétaire</strong> : Sébastien Wallerand</p>
<p><strong>Secrétaire adjointe</strong> : Aline Collomb</p>
<p><strong>2023-2024</strong></p>
<p><strong>Présidente</strong> : Elisa Le Bail</p>
<p><strong>Présidente adjointe</strong> : Flavie Fontaine</p>
<p><strong>Trésorière</strong> : Elena Rüdiger</p>
<p><strong>Secrétaire</strong> : Maxence Badaire</p>
<p><strong>Secrétaire adjoint</strong> : Alessandro Intropido</p>
<h4><strong>2022-2023</strong></h4>
<p><em>Depuis février 2023 :</em></p>
<p><strong>Présidente</strong> : Elisa Le Bail</p>
<p><strong>Présidente adjointe</strong> : Flavie Fontaine</p>
<p><strong>Trésorière</strong> : Mathilde Naar</p>
<p><strong>Secrétaire</strong> : Maxence Badaire</p>
<p><strong>Secrétaire adjoint</strong> : Gabriel Rousseau</p>
<p><em>Avant février 2023 :</em></p>
<p><strong>Président</strong> : Thibaud Nicolas</p>
<p><strong>Trésorière</strong> : Mathilde Naar</p>
<p><strong>Secrétaire</strong> : Elisa Le Bail</p>
<p><strong>Secrétaire adjoint</strong> : Maxence Badaire</p>
<h4><strong>2021-2022</strong></h4>
<p><strong>Président</strong> : Thibaud Nicolas</p>
<p><strong>Trésorière</strong> : Mathilde Naar</p>
<p><strong>Secrétaire</strong> : Maxence Badaire</p>
<p><strong>Secrétaire adjointe</strong> : Charline Beux</p>
<h4 style="text-align: left;"><strong>2019-2021</strong></h4>
<p><strong>Présidente</strong> : Marine Mazzei</p>
<p><strong>Présidente adjointe</strong> : Gaëlle Herbeth</p>
<p><strong>Trésorier : </strong>Kévin Blary</p>
<p><strong>Secrétaire</strong> : Inès Medjkoune</p>
<h4 style="text-align: left;"><strong>2017-2018</strong></h4>
<p><strong>Président</strong> : Dimitri Maillard (Paris 1)</p>
<p><strong>Trésorière</strong> : Marine Mazzei (Paris 1)</p>
<p><strong>Secrétaire</strong> : Eleonora Colangelo (Paris 7 &#8211; Pise)</p>
<p><strong>Secrétaire adjointe</strong> : Valentina Mussa (Paris 4)</p>
<h4><strong>2016-2017</strong></h4>
<p><strong>Présidente</strong> : Idaline Hamelin</p>
<p><strong>Trésorier</strong>  : Adrien Coignoux</p>
<p><strong>Secrétaire</strong> : Kevin Varnier</p>
<p><strong>Webmestre</strong> : Flavien Villard</p>
<h4><strong>2015 &#8211; 2016</strong></h4>
<p><strong>Présidente</strong> : Hélène Castelli</p>
<p><strong>Trésorier</strong> : Mathieu Vallet</p>
<p><strong>Secrétaire</strong> : Flavien Villard</p>
<p><strong>Webmestre</strong> : Adrien Coignoux</p>
<h4><strong>2013-2014</strong></h4>
<p><strong>Président</strong> : Romain Guicharrousse</p>
<p><strong>Trésorier</strong> : Nicolas Siron</p>
<p><strong>Secrétaire</strong> : Manon Brouillet</p>
<p>Elise Lehoux</p>
<p>Agathe Migayrou</p>
<p>Matthieu Vallet</p>

<p>Composé de cinq personnes, il est élu tous les ans lors de l&rsquo;Assemblée générale. Pour l&rsquo;année universitaire 2025-2026 : Présidente : Elena Rüdiger Président adjoint : Rémi Lafontaine Trésorier : Gabriel Rousseau Secrétaire : Sébastien Wallerand Secrétaire adjoint : Julien Monzat Les bureaux des années précédentes : 2024-2025 Présidente : Elena Rüdiger Président adjoint : Rémi Lafontaine [&hellip;]</p>
