{"id":174,"date":"2013-12-30T14:15:51","date_gmt":"2013-12-30T13:15:51","guid":{"rendered":"http:\/\/www.association-argonautes.fr\/\/?page_id=174"},"modified":"2013-12-30T14:15:51","modified_gmt":"2013-12-30T13:15:51","slug":"prix-de-these","status":"publish","type":"page","link":"https:\/\/association-lesargonautes.fr\/?page_id=174","title":{"rendered":"Les prix de th\u00e8se"},"content":{"rendered":"<p align=\"left\">Vous trouverez ici des annonces de prix de th\u00e8se qui peuvent vous permettre de financer la publication de vos th\u00e8ses<\/p>\n<ul>\n<li><strong>Prix de th\u00e8se Le Monde<\/strong> offre la possibilit\u00e9 \u00e0 cinq jeunes chercheurs en sciences humaines et sociales de publier une version \u00ab grand public \u00bb de leur th\u00e8se de doctorat aux Presses universitaires de France (PUF)\u2026 <a href=\"http:\/\/www.lemonde.fr\/prix-recherche\">En savoir plus<\/a>.<\/li>\n<\/ul>\n<ul>\n<li><strong>Prix de la chancellerie des Universit\u00e9s de Paris : <\/strong><a href=\"http:\/\/www.sorbonne.fr\/la-chancellerie-des-universites-de-paris\/v2la-chancellerie-des-universites-de-paris-recompense-lexcellence-universitaire-et-propose-des-prix\/les-prix-universitaires\/\">En savoir plus<\/a>.<\/li>\n<\/ul>\n<ul>\n<li><strong>Prix de th\u00e8se de l&rsquo;ASFR : <\/strong> l&rsquo;AFSR (Association Fran\u00e7aise de Sciences sociales des Religions) propose un \u00a0\u00bb prix de th\u00e8se \u00ab\u00a0, offrant la publication \u00e0 l&rsquo;Harmattan, dans la collection \u00ab\u00a0Religions en questions\u00a0\u00bb d&rsquo;une th\u00e8se soutenue depuis deux ans maximum, en sciences sociales des religions (sociologie, ethnologie, anthropologie, sciences politiques, histoire, philosophie politique). <a href=\"http:\/\/www.afsr.cnrs.fr\/index.php.html\">En savoir plus<\/a>.<\/li>\n<\/ul>\n<ul>\n<li><strong>Prix de la SOPHAU<\/strong> : La SOPHAU d\u00e9cerne depuis 2005 un prix annuel de 1500\u20ac destin\u00e9 \u00e0 cofinancer la publication d\u2019une th\u00e8se d&rsquo;Histoire ancienne soutenue l&rsquo;ann\u00e9e du concours ou dans les deux ann\u00e9es pr\u00e9c\u00e9dentes. Le nom du laur\u00e9at est officiellement proclam\u00e9 lors de l\u2019A.G. ordinaire du mois de d\u00e9cembre. Renseignements <a href=\"http:\/\/sophau.univ-fcomte.fr\/index.php?option=com_content&amp;view=category&amp;layout=blog&amp;id=62&amp;Itemid=99\">ici<\/a>.<\/li>\n<\/ul>\n<ul>\n<li><strong>Prix de la SFHU<\/strong> : La SFHU (Soci\u00e9t\u00e9 Fran\u00e7aise d&rsquo;histoire urbaine) d\u00e9cerne depuis 2010 un prix annuel de 2000\u20ac \u00e0 un(e) jeune docteur(e) en histoire urbaine depuis 2010. Il faut candidater avant avril de l&rsquo;ann\u00e9e en cours, et le prix est remis lors de l\u2019AG annuelle en janvier de l&rsquo;ann\u00e9e suivante. Renseignements <a href=\"http:\/\/sfhu.hypotheses.org\/\" target=\"_blank\">ici<\/a>.<\/li>\n<\/ul>\n<ul>\n<li><strong>Pour les \u00e9tudiants en cotutelle franco-qu\u00e9b\u00e9coise<\/strong> ayant soutenu l&rsquo;ann\u00e9e derni\u00e8re, ils peuvent toujours d\u00e9poser leur candidature pour le prix de th\u00e8se en cotutelle <a href=\"http:\/\/www.consulfrance-quebec.org\/spip.php?article1536\">ici<\/a>.<\/li>\n<\/ul>\n<ul>\n<li>Le <strong>Prix Olga Fradiss<\/strong> a pour vocation de r\u00e9compenser un jeune auteur, pour le meilleur livre fran\u00e7ais sur l&rsquo;histoire de l&rsquo;art, toutes disciplines et \u00e9poques confondues, publi\u00e9 au cours de l&rsquo;ann\u00e9e. Cr\u00e9\u00e9e en 1993 sous l&rsquo;\u00e9gide de la Fondation de France, la Fondation Lucie et Olga Fradiss d\u00e9cerne chaque ann\u00e9e plusieurs prix, dans les domaines de la recherche m\u00e9dicale et de l&rsquo;histoire de l&rsquo;art. Ce prix annuel est d&rsquo;un montant de 7 500 euros. Renseignements <a href=\"http:\/\/www.inha.fr\/spip.php?article2896\" target=\"_blank\">ici<\/a>.<\/li>\n<\/ul>\n<ul>\n<li>Le <strong>Prix de th\u00e8se du Quai Branly<\/strong> a pour vocation de soutenir les travaux de recherche dans les domaines des arts occidentaux et extra-occidentaux, des patrimoines mat\u00e9riels et immat\u00e9riels, des institutions mus\u00e9ales et de leurs collections, de la technologie et culture mat\u00e9rielle. Les disciplines concern\u00e9es sont l\u2019anthropologie, l\u2019ethnomusicologie, l\u2019histoire de l\u2019art, l\u2019histoire, l\u2019arch\u00e9ologie, les arts du spectacle et la sociologie. Deux prix annuels d&rsquo;un montant de 8 000 euros. Renseignements <a href=\"http:\/\/www.quaibranly.fr\/fr\/enseignement\/bourses\/prix-de-these\/prix-de-these-2014.html\" target=\"_blank\">ici<\/a>.<\/li>\n<\/ul>\n","protected":false},"excerpt":{"rendered":"<p>Vous trouverez ici des annonces de prix de th\u00e8se qui peuvent vous permettre de financer la publication de vos th\u00e8ses Prix de th\u00e8se Le Monde offre la possibilit\u00e9 \u00e0 cinq jeunes chercheurs en sciences humaines et sociales de publier une version \u00ab grand public \u00bb de leur th\u00e8se de doctorat aux Presses universitaires de France [&hellip;]<\/p>\n","protected":false},"author":1,"featured_media":0,"parent":0,"menu_order":0,"comment_status":"closed","ping_status":"closed","template":"template-full-width.php","meta":{"footnotes":""},"_links":{"self":[{"href":"https:\/\/association-lesargonautes.fr\/index.php?rest_route=\/wp\/v2\/pages\/174"}],"collection":[{"href":"https:\/\/association-lesargonautes.fr\/index.php?rest_route=\/wp\/v2\/pages"}],"about":[{"href":"https:\/\/association-lesargonautes.fr\/index.php?rest_route=\/wp\/v2\/types\/page"}],"author":[{"embeddable":true,"href":"https:\/\/association-lesargonautes.fr\/index.php?rest_route=\/wp\/v2\/users\/1"}],"replies":[{"embeddable":true,"href":"https:\/\/association-lesargonautes.fr\/index.php?rest_route=%2Fwp%2Fv2%2Fcomments&post=174"}],"version-history":[{"count":0,"href":"https:\/\/association-lesargonautes.fr\/index.php?rest_route=\/wp\/v2\/pages\/174\/revisions"}],"wp:attachment":[{"href":"https:\/\/association-lesargonautes.fr\/index.php?rest_route=%2Fwp%2Fv2%2Fmedia&parent=174"}],"curies":[{"name":"wp","href":"https:\/\/api.w.org\/{rel}","templated":true}]}}